f w(b)?
7
Let s(v) = 48*v**3 + v**2 + v - 1. What is the units digit of s(1)?
9
Let x(i) = i**2 + 9*i + 2. Let y be x(-9). Let m(g) = -g**3 - 5*g + 0*g**3 + 4*g - 3*g**2 + 8*g**y - 5. What is the units digit of m(4)?
7
Let w(s) = -s + 1. Let r be w(-6). Let h = 13 + r. Suppose 0*p = -4*p + h. What is the units digit of p?
5
What is the hundreds digit of (-1122)/(-8) + 69/92?
1
What is the units digit of 50 - 6 - (-2)/(-1)?
2
Let w = 29 + -114. What is the units digit of (w/2)/5*-2?
7
Let w(t) be the second derivative of -t**4/24 - 2*t**3/3 - t**2/2 + t. Let u(j) be the first derivative of w(j). What is the units digit of u(-7)?
3
Let c be 11/13 + 4/26. Let s(g) = 2*g - c - 1 - 1. What is the units digit of s(2)?
1
Let a(k) = -k**2 + 3. Let x be a(0). Suppose -3*p = -9 - x. Suppose 0 = -3*d - 2*y - 2, -2*d - p*y = 12. What is the units digit of d?
2
Suppose -7*b = -4*b - 12. Let l = b - 4. Suppose -2*f - 3*f + 35 = l. What is the units digit of f?
7
Let s(v) = v**2 - 5*v - 15. What is the tens digit of s(-6)?
5
Suppose -h = -v - 6, v + 0 = -2*h + 9. Suppose -r + h*r + y = 33, r + 18 = 5*y. What is the units digit of r?
7
Suppose 4*j + 106 = -3*z, 0*z = j - 5*z + 15. What is the units digit of 10/j - 284/(-10)?
8
Let q(n) = n**3 + n**2 - 3*n + 1. Suppose -4*c - 2*v + 1 + 1 = 0, 4*v = -3*c - 6. What is the units digit of q(c)?
7
Let v(z) = z**3 - z + 28. Let r be v(0). Let g = r + -16. What is the tens digit of g?
1
Let h(t) = 12*t - 2. What is the tens digit of h(1)?
1
Let p = 68 - 17. What is the units digit of p?
1
Let u(q) = q + 9. Let v be u(-9). Let y be ((-12)/2)/(v + -1). Let l(n) = -n**2 + 6*n + 6. What is the units digit of l(y)?
6
Let r = 1 - 1. Suppose r = 3*s - 7 + 1. Let t = s - -2. What is the units digit of t?
4
Let b = 122 + -44. Suppose 3*u + 0*u = b. Let h = 39 - u. What is the units digit of h?
3
Let q be 14/(-63) + 2876/(-18). What is the tens digit of q/(-6) + (-6)/(-18)?
2
What is the units digit of ((-21)/3)/(3/(-21))?
9
Let c(n) = -15*n - 3. Let g be (1 + 8)/1 + -2. Let j(a) = 46*a + 10. Let p(z) = g*c(z) + 2*j(z). What is the tens digit of p(-1)?
1
Let h(d) = -d**3 + d**2 + 120. Let q be h(0). Suppose -s + q = -4*t, 3*t + 0*s + 4*s = -90. What is the units digit of ((-38)/6)/(10/t)?
9
Let u(x) = 4 + x**2 - 4*x - 3*x - x. Let d be u(7). What is the tens digit of ((-3)/d)/((-4)/(-44))?
1
Suppose 3*r = -2*v + 215, -4*v + 12 = r - 433. What is the units digit of v?
2
Let u(g) = 2*g + 33. What is the tens digit of u(-6)?
2
Let i = 10 + 0. Suppose n = -g + 73, -3*g + 203 = -i*n + 5*n. Suppose t - 5*t + r = -g, -2*t + r = -35. What is the units digit of t?
8
Let p(h) = 3*h**2 - 3*h - 20. What is the units digit of p(6)?
0
Let p = -19 - -20. What is the units digit of p?
1
Let j = 155 - 50. What is the units digit of j?
5
Let f(w) = -6*w + 17. Let i be f(-12). Suppose 4*b - i = -17. What is the units digit of b?
8
Let i = 3 - 1. Suppose 3*m + i*m - 5 = 0. What is the units digit of m?
1
What is the tens digit of 0 - 1 - 1086/(-6)?
8
Suppose 5*y = 5*t - 67 - 18, 0 = y - 4*t + 32. What is the tens digit of y/(-8)*82/3?
4
Suppose 0*u + 60 = 4*k - 2*u, 0 = 2*k + 5*u - 30. Let z = -13 + k. What is the units digit of z?
2
What is the units digit of 1/(-3)*52*-3?
2
Let n = 13 + -8. Suppose m + 2 = n*g - 14, -19 = -m - 2*g. What is the units digit of m?
9
Suppose 10*u - 90 = 5*u. Suppose -t - u = -5*m, 14 = 5*m + t - 4*t. What is the units digit of m?
4
Suppose -2*m + 110 - 16 = 0. What is the units digit of m?
7
Suppose 0 = -0*q - 2*q. Suppose -2*x = -v - q*x + 14, -2*x - 10 = 0. What is the units digit of v?
4
Let c = -51 - -54. Let m be -7*(2*-2 + 0). Suppose 3*p = i + m, c*i - 59 = -p - 3*p. What is the units digit of p?
1
Let s(d) = d**2 - 3*d + 1. What is the tens digit of s(7)?
2
Suppose 0 = -4*c, 7*s + 3*c - 20 = 6*s. What is the units digit of s?
0
Let o be ((-19)/(-1))/(-5 + 4). Let x = 31 - o. What is the units digit of x?
0
Let w(b) = b**3 + 8*b**2 + 6*b + 9. What is the units digit of w(-7)?
6
Let a be -1*((2 - 1) + -9). Let j(d) = d - 7. What is the units digit of j(a)?
1
Suppose -3*d + 4*d - 8 = -5*o, -4*o + 9 = d. Suppose -2*q + 5 = -d. What is the units digit of q?
9
Let r be 3 + (2 - (-3)/(-3)). Suppose r*a + b - 20 = 0, 2*a + 2*b - 8 = 2. What is the units digit of a?
5
Let n(f) = f**2 - 2*f + 6. What is the units digit of n(-3)?
1
Suppose 0 = 3*k + 2*k - 20. Suppose k*y - 12 = 4. Suppose y*i - 85 = -x, 5*i - 5*x = 126 - 26. What is the tens digit of i?
2
Let d = 200 + -128. What is the tens digit of d?
7
What is the units digit of 866/6 + (4/(-12))/1?
4
Let b be (-4)/2 + 25/1. Let l = b + -7. Suppose 0*s - 4*s = -l. What is the units digit of s?
4
Suppose 0 = -24*t + 25*t - 250. What is the hundreds digit of t?
2
Let f = -9 - -9. Suppose f = x - 3*o - 4, 4*x - 29 = o - 2*o. What is the units digit of x?
7
Let j = 7 - -25. What is the tens digit of j?
3
Suppose 5*u + 12 = -13. Let w(a) = a**3 + 3*a**2 + 9*a + 5. Let o(y) = -y**3 - 2*y**2 - 10*y - 6. Let q(l) = -3*o(l) - 4*w(l). What is the units digit of q(u)?
3
Let f = -109 - -116. What is the units digit of f?
7
Suppose -5*l = -49 - 36. What is the units digit of l?
7
Let l(g) = -g**2 - 3*g - 2. Let n be l(-3). Let s = 5 + n. Suppose 7 = q + q + s*a, -2*a = -2. What is the units digit of q?
2
Suppose 4*o - 298 = -4*t + 2*o, 0 = 5*o + 5. What is the units digit of t?
5
Let g = 130 + 85. What is the hundreds digit of g?
2
Suppose -4*u = u - 140. Suppose 0*l - u = 3*w + 5*l, -w + l - 4 = 0. Let r(t) = -t + 4. What is the tens digit of r(w)?
1
Let m(u) = -u**3 + 2*u**2 + u. Suppose 8 = s + 3*q - 0, 4*q - 15 = 3*s. Let n be m(s). Suppose 5*j - j = -n*i + 4, j + 4*i = 1. What is the units digit of j?
1
What is the tens digit of 12/36 + (-82)/(-6)?
1
What is the units digit of 9/(-3 - (-225)/70)?
2
Let z(m) = -6*m + 3. Let p(a) = 1. Let y(j) = 5*p(j) - z(j). Let o(t) = -11*t - 5. Let u(v) = 4*o(v) + 7*y(v). What is the units digit of u(-7)?
8
Suppose -5*r - 5*s = -2*r + 18, -3*s - 9 = 0. Let w(q) be the first derivative of -9*q**2/2 - q - 1. What is the units digit of w(r)?
8
Let h be 1 - (0 - (-2 + 4)). Suppose 3*l = -3*t + 105, 135 = h*l + 2*l - 5*t. What is the units digit of l?
1
Let w be 1 - (1 - 0)*-4. Suppose -w*v = -2*v - 12. Let o = -3 + v. What is the units digit of o?
1
Suppose 3*u - 12 = 9. What is the units digit of u?
7
Suppose -446 + 171 = -5*x. Suppose -p - 21 = -x. What is the units digit of p?
4
Let k be (-24)/(-9) - (3 - 14/6). Let x(w) = w**3 - w**2 - 5*w + 4. Let s be x(3). Let o = k + s. What is the units digit of o?
9
Let r(j) = j**3 - 2*j**2 - 3*j + 1. Let z(t) = -t**2 + 6*t - 2. Let y be (-4)/(-6)*15/2. Let c be z(y). What is the units digit of r(c)?
1
Let w = -29 - -52. What is the units digit of w?
3
Let f(i) = 2*i - 9 + 5 + 7*i. Let g be f(4). Suppose 5*q + k + 7 = g, 5*q - 35 = -3*k. What is the units digit of q?
4
Let b(x) be the second derivative of x**5/20 - x**4/3 - 5*x**3/6 + x**2/2 - 2*x. What is the units digit of b(5)?
1
Suppose 2*m + 4*d = 4*m - 98, -m + d + 46 = 0. Let p = m + -71. What is the tens digit of (15 + 1)*(-21)/p?
1
Suppose -3*h + 2*h = -4*l + 84, l + 5*h = 0. Suppose 5*c = -5 + l. Suppose 7 - 20 = -c*n - 4*u, 4*u - 19 = -5*n. What is the units digit of n?
3
Let x be (-5)/(-4) - (-6)/8. What is the units digit of (39/6 + 0)*x?
3
Let l = -7 + 4. Let z(t) = t**2 - 1. Let r be z(l). Suppose 2*h - 3*a = 3 - 1, 4*h - 5*a - r = 0. What is the units digit of h?
7
Let y(x) = x + 5. Let h be y(-3). Suppose h*a - 3*o + 10 = 2*o, -4*a = -o + 2. Suppose 5*s = 2*t + 6, a*t - 5*t + 16 = 3*s. What is the units digit of s?
2
Let k(h) = 9*h + 23. What is the tens digit of k(9)?
0
Let h(c) = c**2 + 8*c - 7. Let j be h(-9). Suppose 14 = u + 3*r, j*r = -2*u + 5*r + 10. What is the units digit of u?
8
Let q be 3/(-15) - 1/(-5). Let d = q + 12. What is the units digit of d?
2
Suppose 0 = -4*v, -2*c - 4 = -c + 3*v. What is the tens digit of (28 - -1) + c/(-1)?
3
Suppose 12 = -d - 2*d. What is the units digit of (-1 + -11)*2/d?
6
Suppose 57 = -4*d + 4*o + 365, d + 4*o - 102 = 0. What is the tens digit of d?
8
What is the units digit of (168/(-15))/(7/(-35))?
6
Let r = 1 + 5. Let s be -4*(-3 + r + -1). What is the units digit of ((-18)/s)/((-3